216.73.216.20 - - [03/Sep/2026:12:27:56 +0000] "GET /top-online-pokies-and-casinos-new-zealand-2026/ HTTP/1.1" 200 35624 "https://www.on-time-movers.com/?p=34543" "Mozilla/5.0 AppleWebKit/537.36 (KHTML, like Gecko; compatible; ClaudeBot/1.0; +claudebot@anthropic.com)"
216.73.216.20 - - [03/Sep/2026:12:27:57 +0000] "GET /?p=35193 HTTP/1.1" 301 - "-" "Mozilla/5.0 AppleWebKit/537.36 (KHTML, like Gecko; compatible; ClaudeBot/1.0; +claudebot@anthropic.com)"
216.73.216.20 - - [03/Sep/2026:12:27:57 +0000] "GET /?p=34349 HTTP/1.1" 301 - "-" "Mozilla/5.0 AppleWebKit/537.36 (KHTML, like Gecko; compatible; ClaudeBot/1.0; +claudebot@anthropic.com)"
216.73.216.20 - - [03/Sep/2026:12:27:57 +0000] "GET /?p=33556 HTTP/1.1" 301 - "-" "Mozilla/5.0 AppleWebKit/537.36 (KHTML, like Gecko; compatible; ClaudeBot/1.0; +claudebot@anthropic.com)"
216.73.216.20 - - [03/Sep/2026:12:27:58 +0000] "GET /?p=34930 HTTP/1.1" 301 - "-" "Mozilla/5.0 AppleWebKit/537.36 (KHTML, like Gecko; compatible; ClaudeBot/1.0; +claudebot@anthropic.com)"
216.73.216.20 - - [03/Sep/2026:12:27:58 +0000] "GET /pokies-fairfield/ HTTP/1.1" 200 35455 "https://www.on-time-movers.com/?p=33613" "Mozilla/5.0 AppleWebKit/537.36 (KHTML, like Gecko; compatible; ClaudeBot/1.0; +claudebot@anthropic.com)"
216.73.216.20 - - [03/Sep/2026:12:27:58 +0000] "GET /?p=34593 HTTP/1.1" 301 - "-" "Mozilla/5.0 AppleWebKit/537.36 (KHTML, like Gecko; compatible; ClaudeBot/1.0; +claudebot@anthropic.com)"
216.73.216.20 - - [03/Sep/2026:12:27:58 +0000] "GET /no-deposit-bonus-codes-australia-casinos/ HTTP/1.1" 200 35633 "https://www.on-time-movers.com/?p=34220" "Mozilla/5.0 AppleWebKit/537.36 (KHTML, like Gecko; compatible; ClaudeBot/1.0; +claudebot@anthropic.com)"
216.73.216.20 - - [03/Sep/2026:12:27:59 +0000] "GET /casino-games-free-online/ HTTP/1.1" 200 35542 "https://www.on-time-movers.com/?p=33556" "Mozilla/5.0 AppleWebKit/537.36 (KHTML, like Gecko; compatible; ClaudeBot/1.0; +claudebot@anthropic.com)"
216.73.216.20 - - [03/Sep/2026:12:27:58 +0000] "GET /most-popular-roulette-number/ HTTP/1.1" 200 35522 "https://www.on-time-movers.com/?p=35193" "Mozilla/5.0 AppleWebKit/537.36 (KHTML, like Gecko; compatible; ClaudeBot/1.0; +claudebot@anthropic.com)"
216.73.216.20 - - [03/Sep/2026:12:27:59 +0000] "GET /best-deposit-match-casino/ HTTP/1.1" 200 35276 "https://www.on-time-movers.com/?p=34349" "Mozilla/5.0 AppleWebKit/537.36 (KHTML, like Gecko; compatible; ClaudeBot/1.0; +claudebot@anthropic.com)"
216.73.216.20 - - [03/Sep/2026:12:28:00 +0000] "GET /?p=38649 HTTP/1.1" 301 - "-" "Mozilla/5.0 AppleWebKit/537.36 (KHTML, like Gecko; compatible; ClaudeBot/1.0; +claudebot@anthropic.com)"
216.73.216.20 - - [03/Sep/2026:12:27:59 +0000] "GET /?p=32743 HTTP/1.1" 301 - "-" "Mozilla/5.0 AppleWebKit/537.36 (KHTML, like Gecko; compatible; ClaudeBot/1.0; +claudebot@anthropic.com)"
216.73.216.20 - - [03/Sep/2026:12:27:59 +0000] "GET /atlantis-gold-casino-login-app-sign-up/ HTTP/1.1" 200 35310 "https://www.on-time-movers.com/?p=34930" "Mozilla/5.0 AppleWebKit/537.36 (KHTML, like Gecko; compatible; ClaudeBot/1.0; +claudebot@anthropic.com)"
216.73.216.20 - - [03/Sep/2026:12:28:00 +0000] "GET /i-wild-casino-login-app-sign-up/ HTTP/1.1" 200 35717 "https://www.on-time-movers.com/?p=34593" "Mozilla/5.0 AppleWebKit/537.36 (KHTML, like Gecko; compatible; ClaudeBot/1.0; +claudebot@anthropic.com)"
216.73.216.20 - - [03/Sep/2026:12:28:00 +0000] "GET /?p=31795 HTTP/1.1" 301 - "-" "Mozilla/5.0 AppleWebKit/537.36 (KHTML, like Gecko; compatible; ClaudeBot/1.0; +claudebot@anthropic.com)"
216.73.216.20 - - [03/Sep/2026:12:28:00 +0000] "GET /?p=33956 HTTP/1.1" 301 - "-" "Mozilla/5.0 AppleWebKit/537.36 (KHTML, like Gecko; compatible; ClaudeBot/1.0; +claudebot@anthropic.com)"
216.73.216.20 - - [03/Sep/2026:12:28:01 +0000] "GET /pokies-online-free-play/ HTTP/1.1" 200 35473 "https://www.on-time-movers.com/?p=38649" "Mozilla/5.0 AppleWebKit/537.36 (KHTML, like Gecko; compatible; ClaudeBot/1.0; +claudebot@anthropic.com)"
216.73.216.20 - - [03/Sep/2026:12:28:01 +0000] "GET /free-to-play-casino/ HTTP/1.1" 200 35685 "https://www.on-time-movers.com/?p=32743" "Mozilla/5.0 AppleWebKit/537.36 (KHTML, like Gecko; compatible; ClaudeBot/1.0; +claudebot@anthropic.com)"
216.73.216.20 - - [03/Sep/2026:12:28:00 +0000] "GET /?p=32631 HTTP/1.1" 301 - "-" "Mozilla/5.0 AppleWebKit/537.36 (KHTML, like Gecko; compatible; ClaudeBot/1.0; +claudebot@anthropic.com)"
216.73.216.20 - - [03/Sep/2026:12:28:01 +0000] "GET /?p=32375 HTTP/1.1" 301 - "-" "Mozilla/5.0 AppleWebKit/537.36 (KHTML, like Gecko; compatible; ClaudeBot/1.0; +claudebot@anthropic.com)"
216.73.216.20 - - [03/Sep/2026:12:28:01 +0000] "GET /?p=33500 HTTP/1.1" 301 - "-" "Mozilla/5.0 AppleWebKit/537.36 (KHTML, like Gecko; compatible; ClaudeBot/1.0; +claudebot@anthropic.com)"
216.73.216.20 - - [03/Sep/2026:12:28:02 +0000] "GET /peachy-games-casino-100-free-spins-bonus-2026/ HTTP/1.1" 200 36016 "https://www.on-time-movers.com/?p=31795" "Mozilla/5.0 AppleWebKit/537.36 (KHTML, like Gecko; compatible; ClaudeBot/1.0; +claudebot@anthropic.com)"
216.73.216.20 - - [03/Sep/2026:12:28:02 +0000] "GET /online-pokies-new-zealand-usd-10-deposit/ HTTP/1.1" 200 35559 "https://www.on-time-movers.com/?p=33956" "Mozilla/5.0 AppleWebKit/537.36 (KHTML, like Gecko; compatible; ClaudeBot/1.0; +claudebot@anthropic.com)"
216.73.216.20 - - [03/Sep/2026:12:28:03 +0000] "GET /?p=32288 HTTP/1.1" 301 - "-" "Mozilla/5.0 AppleWebKit/537.36 (KHTML, like Gecko; compatible; ClaudeBot/1.0; +claudebot@anthropic.com)"
216.73.216.20 - - [03/Sep/2026:12:28:03 +0000] "GET /?p=34057 HTTP/1.1" 301 - "-" "Mozilla/5.0 AppleWebKit/537.36 (KHTML, like Gecko; compatible; ClaudeBot/1.0; +claudebot@anthropic.com)"
216.73.216.20 - - [03/Sep/2026:12:28:04 +0000] "GET /?p=35126 HTTP/1.1" 301 - "-" "Mozilla/5.0 AppleWebKit/537.36 (KHTML, like Gecko; compatible; ClaudeBot/1.0; +claudebot@anthropic.com)"
216.73.216.20 - - [03/Sep/2026:12:28:03 +0000] "GET /winning-days-casino-review-and-free-chips-bonus/ HTTP/1.1" 200 35875 "https://www.on-time-movers.com/?p=32631" "Mozilla/5.0 AppleWebKit/537.36 (KHTML, like Gecko; compatible; ClaudeBot/1.0; +claudebot@anthropic.com)"
216.73.216.20 - - [03/Sep/2026:12:28:03 +0000] "GET /popular-australia-pokies/ HTTP/1.1" 200 35774 "https://www.on-time-movers.com/?p=32375" "Mozilla/5.0 AppleWebKit/537.36 (KHTML, like Gecko; compatible; ClaudeBot/1.0; +claudebot@anthropic.com)"
216.73.216.20 - - [03/Sep/2026:12:28:03 +0000] "GET /freebet-casino-no-deposit-bonus-codes-for-free-spins-2026/ HTTP/1.1" 200 35850 "https://www.on-time-movers.com/?p=33500" "Mozilla/5.0 AppleWebKit/537.36 (KHTML, like Gecko; compatible; ClaudeBot/1.0; +claudebot@anthropic.com)"
216.73.216.20 - - [03/Sep/2026:12:28:04 +0000] "GET /scientific-games-pokies/ HTTP/1.1" 200 35423 "https://www.on-time-movers.com/?p=32288" "Mozilla/5.0 AppleWebKit/537.36 (KHTML, like Gecko; compatible; ClaudeBot/1.0; +claudebot@anthropic.com)"
216.73.216.20 - - [03/Sep/2026:12:28:04 +0000] "GET /get-slots-review/ HTTP/1.1" 200 35519 "-" "Mozilla/5.0 AppleWebKit/537.36 (KHTML, like Gecko; compatible; ClaudeBot/1.0; +claudebot@anthropic.com)"
216.73.216.20 - - [03/Sep/2026:12:28:04 +0000] "GET /top-casinos-list/ HTTP/1.1" 200 35427 "https://www.on-time-movers.com/?p=34057" "Mozilla/5.0 AppleWebKit/537.36 (KHTML, like Gecko; compatible; ClaudeBot/1.0; +claudebot@anthropic.com)"
216.73.216.20 - - [03/Sep/2026:12:28:04 +0000] "GET /money-train-3-slot/ HTTP/1.1" 200 35551 "https://www.on-time-movers.com/?p=35126" "Mozilla/5.0 AppleWebKit/537.36 (KHTML, like Gecko; compatible; ClaudeBot/1.0; +claudebot@anthropic.com)"
216.73.216.20 - - [03/Sep/2026:12:28:05 +0000] "GET /?p=33226 HTTP/1.1" 301 - "-" "Mozilla/5.0 AppleWebKit/537.36 (KHTML, like Gecko; compatible; ClaudeBot/1.0; +claudebot@anthropic.com)"
216.73.216.20 - - [03/Sep/2026:12:28:05 +0000] "GET /?p=33507 HTTP/1.1" 301 - "-" "Mozilla/5.0 AppleWebKit/537.36 (KHTML, like Gecko; compatible; ClaudeBot/1.0; +claudebot@anthropic.com)"
216.73.216.20 - - [03/Sep/2026:12:28:05 +0000] "GET /?p=31579 HTTP/1.1" 301 - "-" "Mozilla/5.0 AppleWebKit/537.36 (KHTML, like Gecko; compatible; ClaudeBot/1.0; +claudebot@anthropic.com)"
216.73.216.20 - - [03/Sep/2026:12:28:06 +0000] "GET /?p=33038 HTTP/1.1" 301 - "-" "Mozilla/5.0 AppleWebKit/537.36 (KHTML, like Gecko; compatible; ClaudeBot/1.0; +claudebot@anthropic.com)"
216.73.216.20 - - [03/Sep/2026:12:28:06 +0000] "GET /?p=38310 HTTP/1.1" 301 - "-" "Mozilla/5.0 AppleWebKit/537.36 (KHTML, like Gecko; compatible; ClaudeBot/1.0; +claudebot@anthropic.com)"
216.73.216.20 - - [03/Sep/2026:12:28:06 +0000] "GET /roulette-no-deposit-bonus/ HTTP/1.1" 503 35348 "https://www.on-time-movers.com/?p=33507" "Mozilla/5.0 AppleWebKit/537.36 (KHTML, like Gecko; compatible; ClaudeBot/1.0; +claudebot@anthropic.com)"
216.73.216.20 - - [03/Sep/2026:12:28:07 +0000] "GET /mega-pari-casino-login-app-sign-up/ HTTP/1.1" 200 35783 "https://www.on-time-movers.com/?p=38310" "Mozilla/5.0 AppleWebKit/537.36 (KHTML, like Gecko; compatible; ClaudeBot/1.0; +claudebot@anthropic.com)"
216.73.216.20 - - [03/Sep/2026:12:28:07 +0000] "GET /tsars-casino-login/ HTTP/1.1" 200 35378 "https://www.on-time-movers.com/?p=33038" "Mozilla/5.0 AppleWebKit/537.36 (KHTML, like Gecko; compatible; ClaudeBot/1.0; +claudebot@anthropic.com)"
216.73.216.20 - - [03/Sep/2026:12:28:06 +0000] "GET /?p=32950 HTTP/1.1" 503 42621 "-" "Mozilla/5.0 AppleWebKit/537.36 (KHTML, like Gecko; compatible; ClaudeBot/1.0; +claudebot@anthropic.com)"
216.73.216.20 - - [03/Sep/2026:12:28:06 +0000] "GET /?p=32329 HTTP/1.1" 503 42625 "-" "Mozilla/5.0 AppleWebKit/537.36 (KHTML, like Gecko; compatible; ClaudeBot/1.0; +claudebot@anthropic.com)"
216.73.216.20 - - [03/Sep/2026:12:28:08 +0000] "GET /?p=35198 HTTP/1.1" 301 - "-" "Mozilla/5.0 AppleWebKit/537.36 (KHTML, like Gecko; compatible; ClaudeBot/1.0; +claudebot@anthropic.com)"
216.73.216.20 - - [03/Sep/2026:12:28:06 +0000] "GET /best-online-slot-payouts/ HTTP/1.1" 503 35256 "https://www.on-time-movers.com/?p=33226" "Mozilla/5.0 AppleWebKit/537.36 (KHTML, like Gecko; compatible; ClaudeBot/1.0; +claudebot@anthropic.com)"
216.73.216.20 - - [03/Sep/2026:12:28:07 +0000] "GET /australian-free-pokies-online/ HTTP/1.1" 503 35351 "https://www.on-time-movers.com/?p=31579" "Mozilla/5.0 AppleWebKit/537.36 (KHTML, like Gecko; compatible; ClaudeBot/1.0; +claudebot@anthropic.com)"
216.73.216.20 - - [03/Sep/2026:12:28:08 +0000] "GET /?p=33251 HTTP/1.1" 301 - "-" "Mozilla/5.0 AppleWebKit/537.36 (KHTML, like Gecko; compatible; ClaudeBot/1.0; +claudebot@anthropic.com)"
216.73.216.20 - - [03/Sep/2026:12:28:09 +0000] "GET /?p=32470 HTTP/1.1" 301 - "-" "Mozilla/5.0 AppleWebKit/537.36 (KHTML, like Gecko; compatible; ClaudeBot/1.0; +claudebot@anthropic.com)"
216.73.216.20 - - [03/Sep/2026:12:28:09 +0000] "GET /royal-jackpot-app/ HTTP/1.1" 200 35715 "https://www.on-time-movers.com/?p=35198" "Mozilla/5.0 AppleWebKit/537.36 (KHTML, like Gecko; compatible; ClaudeBot/1.0; +claudebot@anthropic.com)"
216.73.216.20 - - [03/Sep/2026:12:28:09 +0000] "GET /lottomatica-casino-no-deposit-bonus-codes-for-free-spins-2026/ HTTP/1.1" 200 35623 "https://www.on-time-movers.com/?p=33251" "Mozilla/5.0 AppleWebKit/537.36 (KHTML, like Gecko; compatible; ClaudeBot/1.0; +claudebot@anthropic.com)"
216.73.216.20 - - [03/Sep/2026:12:28:10 +0000] "GET /how-do-you-play-roulette/ HTTP/1.1" 200 35988 "https://www.on-time-movers.com/?p=32470" "Mozilla/5.0 AppleWebKit/537.36 (KHTML, like Gecko; compatible; ClaudeBot/1.0; +claudebot@anthropic.com)"
216.73.216.20 - - [03/Sep/2026:12:28:13 +0000] "GET /?p=31786 HTTP/1.1" 301 - "-" "Mozilla/5.0 AppleWebKit/537.36 (KHTML, like Gecko; compatible; ClaudeBot/1.0; +claudebot@anthropic.com)"
216.73.216.20 - - [03/Sep/2026:12:28:14 +0000] "GET /pokies-parlour-bonus/ HTTP/1.1" 200 35844 "https://www.on-time-movers.com/?p=31786" "Mozilla/5.0 AppleWebKit/537.36 (KHTML, like Gecko; compatible; ClaudeBot/1.0; +claudebot@anthropic.com)"
216.73.216.20 - - [03/Sep/2026:12:28:18 +0000] "GET /?p=33279 HTTP/1.1" 301 - "-" "Mozilla/5.0 AppleWebKit/537.36 (KHTML, like Gecko; compatible; ClaudeBot/1.0; +claudebot@anthropic.com)"
216.73.216.20 - - [03/Sep/2026:12:28:19 +0000] "GET /new-online-australia-accepted-casinos/ HTTP/1.1" 200 35349 "https://www.on-time-movers.com/?p=33279" "Mozilla/5.0 AppleWebKit/537.36 (KHTML, like Gecko; compatible; ClaudeBot/1.0; +claudebot@anthropic.com)"
216.73.216.20 - - [03/Sep/2026:12:28:20 +0000] "GET /?p=33517 HTTP/1.1" 301 - "-" "Mozilla/5.0 AppleWebKit/537.36 (KHTML, like Gecko; compatible; ClaudeBot/1.0; +claudebot@anthropic.com)"
216.73.216.20 - - [03/Sep/2026:12:28:21 +0000] "GET /lucky-win-casino-real-money/ HTTP/1.1" 200 35234 "https://www.on-time-movers.com/?p=33517" "Mozilla/5.0 AppleWebKit/537.36 (KHTML, like Gecko; compatible; ClaudeBot/1.0; +claudebot@anthropic.com)"
216.73.216.20 - - [03/Sep/2026:12:28:25 +0000] "GET /?p=31689 HTTP/1.1" 301 - "-" "Mozilla/5.0 AppleWebKit/537.36 (KHTML, like Gecko; compatible; ClaudeBot/1.0; +claudebot@anthropic.com)"
216.73.216.20 - - [03/Sep/2026:12:28:25 +0000] "GET /marching-legions-slot/ HTTP/1.1" 200 36163 "https://www.on-time-movers.com/?p=31689" "Mozilla/5.0 AppleWebKit/537.36 (KHTML, like Gecko; compatible; ClaudeBot/1.0; +claudebot@anthropic.com)"
172.96.177.104 - - [03/Sep/2026:12:28:31 +0000] "POST /wp-cron.php?doing_wp_cron=1788438511.3571441173553466796875 HTTP/1.1" 200 - "-" "WordPress/7.1; https://www.on-time-movers.com"
216.73.216.20 - - [03/Sep/2026:12:28:30 +0000] "GET /?p=36514 HTTP/1.1" 301 - "-" "Mozilla/5.0 AppleWebKit/537.36 (KHTML, like Gecko; compatible; ClaudeBot/1.0; +claudebot@anthropic.com)"
216.73.216.20 - - [03/Sep/2026:12:28:31 +0000] "GET /mr-lucky-365-casino/ HTTP/1.1" 200 35554 "https://www.on-time-movers.com/?p=36514" "Mozilla/5.0 AppleWebKit/537.36 (KHTML, like Gecko; compatible; ClaudeBot/1.0; +claudebot@anthropic.com)"
216.73.216.20 - - [03/Sep/2026:12:28:35 +0000] "GET /?p=31662 HTTP/1.1" 301 - "-" "Mozilla/5.0 AppleWebKit/537.36 (KHTML, like Gecko; compatible; ClaudeBot/1.0; +claudebot@anthropic.com)"
216.73.216.20 - - [03/Sep/2026:12:28:36 +0000] "GET /no-deposit-bonus-casino-sites/ HTTP/1.1" 200 35669 "https://www.on-time-movers.com/?p=31662" "Mozilla/5.0 AppleWebKit/537.36 (KHTML, like Gecko; compatible; ClaudeBot/1.0; +claudebot@anthropic.com)"
216.73.216.20 - - [03/Sep/2026:12:28:40 +0000] "GET /slot-gambling-machine/ HTTP/1.1" 200 35486 "-" "Mozilla/5.0 AppleWebKit/537.36 (KHTML, like Gecko; compatible; ClaudeBot/1.0; +claudebot@anthropic.com)"
216.73.216.20 - - [03/Sep/2026:12:28:46 +0000] "GET /?p=34270 HTTP/1.1" 301 - "-" "Mozilla/5.0 AppleWebKit/537.36 (KHTML, like Gecko; compatible; ClaudeBot/1.0; +claudebot@anthropic.com)"
216.73.216.20 - - [03/Sep/2026:12:28:46 +0000] "GET /lord-of-the-ocean/ HTTP/1.1" 200 35646 "https://www.on-time-movers.com/?p=34270" "Mozilla/5.0 AppleWebKit/537.36 (KHTML, like Gecko; compatible; ClaudeBot/1.0; +claudebot@anthropic.com)"
216.73.216.20 - - [03/Sep/2026:12:28:50 +0000] "GET /?p=34314 HTTP/1.1" 301 - "-" "Mozilla/5.0 AppleWebKit/537.36 (KHTML, like Gecko; compatible; ClaudeBot/1.0; +claudebot@anthropic.com)"
216.73.216.20 - - [03/Sep/2026:12:28:51 +0000] "GET /australia-online-gambling-regulation/ HTTP/1.1" 200 35960 "https://www.on-time-movers.com/?p=34314" "Mozilla/5.0 AppleWebKit/537.36 (KHTML, like Gecko; compatible; ClaudeBot/1.0; +claudebot@anthropic.com)"
216.73.216.20 - - [03/Sep/2026:12:28:56 +0000] "GET /?p=34490 HTTP/1.1" 301 - "-" "Mozilla/5.0 AppleWebKit/537.36 (KHTML, like Gecko; compatible; ClaudeBot/1.0; +claudebot@anthropic.com)"
216.73.216.20 - - [03/Sep/2026:12:28:56 +0000] "GET /good-online-casino/ HTTP/1.1" 200 35775 "https://www.on-time-movers.com/?p=34490" "Mozilla/5.0 AppleWebKit/537.36 (KHTML, like Gecko; compatible; ClaudeBot/1.0; +claudebot@anthropic.com)"
216.73.216.20 - - [03/Sep/2026:12:29:01 +0000] "GET /?p=35022 HTTP/1.1" 301 - "-" "Mozilla/5.0 AppleWebKit/537.36 (KHTML, like Gecko; compatible; ClaudeBot/1.0; +claudebot@anthropic.com)"
216.73.216.20 - - [03/Sep/2026:12:29:01 +0000] "GET /all-spin-wins-casino/ HTTP/1.1" 200 35591 "https://www.on-time-movers.com/?p=35022" "Mozilla/5.0 AppleWebKit/537.36 (KHTML, like Gecko; compatible; ClaudeBot/1.0; +claudebot@anthropic.com)"
216.73.216.20 - - [03/Sep/2026:12:29:06 +0000] "GET /?p=35365 HTTP/1.1" 301 - "-" "Mozilla/5.0 AppleWebKit/537.36 (KHTML, like Gecko; compatible; ClaudeBot/1.0; +claudebot@anthropic.com)"
216.73.216.20 - - [03/Sep/2026:12:29:06 +0000] "GET /best-australia-online-casino-reviews/ HTTP/1.1" 503 35561 "https://www.on-time-movers.com/?p=35365" "Mozilla/5.0 AppleWebKit/537.36 (KHTML, like Gecko; compatible; ClaudeBot/1.0; +claudebot@anthropic.com)"
216.73.216.20 - - [03/Sep/2026:12:29:11 +0000] "GET /?p=33851 HTTP/1.1" 301 - "-" "Mozilla/5.0 AppleWebKit/537.36 (KHTML, like Gecko; compatible; ClaudeBot/1.0; +claudebot@anthropic.com)"
216.73.216.20 - - [03/Sep/2026:12:29:12 +0000] "GET /casinos-like-jackpot-city/ HTTP/1.1" 200 35587 "https://www.on-time-movers.com/?p=33851" "Mozilla/5.0 AppleWebKit/537.36 (KHTML, like Gecko; compatible; ClaudeBot/1.0; +claudebot@anthropic.com)"
216.73.216.20 - - [03/Sep/2026:12:29:16 +0000] "GET /best-slots-to-play/ HTTP/1.1" 200 35637 "-" "Mozilla/5.0 AppleWebKit/537.36 (KHTML, like Gecko; compatible; ClaudeBot/1.0; +claudebot@anthropic.com)"
216.73.216.20 - - [03/Sep/2026:12:29:21 +0000] "GET /poker-game-best-app/ HTTP/1.1" 200 35646 "-" "Mozilla/5.0 AppleWebKit/537.36 (KHTML, like Gecko; compatible; ClaudeBot/1.0; +claudebot@anthropic.com)"
216.73.216.20 - - [03/Sep/2026:12:29:26 +0000] "GET /sweet-tweet-slot-machine/ HTTP/1.1" 200 35241 "-" "Mozilla/5.0 AppleWebKit/537.36 (KHTML, like Gecko; compatible; ClaudeBot/1.0; +claudebot@anthropic.com)"
172.96.177.104 - - [03/Sep/2026:12:29:32 +0000] "POST /wp-cron.php?doing_wp_cron=1788438571.9995169639587402343750 HTTP/1.1" 200 - "-" "WordPress/7.1; https://www.on-time-movers.com"
216.73.216.20 - - [03/Sep/2026:12:29:31 +0000] "GET /jv-spin-casino-login/ HTTP/1.1" 200 35687 "-" "Mozilla/5.0 AppleWebKit/537.36 (KHTML, like Gecko; compatible; ClaudeBot/1.0; +claudebot@anthropic.com)"
216.73.216.20 - - [03/Sep/2026:12:29:36 +0000] "GET /best-aus-pokies/ HTTP/1.1" 200 35523 "-" "Mozilla/5.0 AppleWebKit/537.36 (KHTML, like Gecko; compatible; ClaudeBot/1.0; +claudebot@anthropic.com)"
216.73.216.20 - - [03/Sep/2026:12:29:41 +0000] "GET /scratch-and-win-real-money-app/ HTTP/1.1" 200 35922 "-" "Mozilla/5.0 AppleWebKit/537.36 (KHTML, like Gecko; compatible; ClaudeBot/1.0; +claudebot@anthropic.com)"
216.73.216.20 - - [03/Sep/2026:12:29:46 +0000] "GET /fresh-162-casino/ HTTP/1.1" 200 35770 "-" "Mozilla/5.0 AppleWebKit/537.36 (KHTML, like Gecko; compatible; ClaudeBot/1.0; +claudebot@anthropic.com)"
216.73.216.20 - - [03/Sep/2026:12:29:51 +0000] "GET /settlement-cranbourne-pokies-opening-hours/ HTTP/1.1" 200 35747 "-" "Mozilla/5.0 AppleWebKit/537.36 (KHTML, like Gecko; compatible; ClaudeBot/1.0; +claudebot@anthropic.com)"
216.73.216.20 - - [03/Sep/2026:12:29:56 +0000] "GET /incredible-hulk-slot/ HTTP/1.1" 200 35457 "-" "Mozilla/5.0 AppleWebKit/537.36 (KHTML, like Gecko; compatible; ClaudeBot/1.0; +claudebot@anthropic.com)"
216.73.216.20 - - [03/Sep/2026:12:30:01 +0000] "GET /kick-online-casino/ HTTP/1.1" 200 35618 "-" "Mozilla/5.0 AppleWebKit/537.36 (KHTML, like Gecko; compatible; ClaudeBot/1.0; +claudebot@anthropic.com)"
216.73.216.20 - - [03/Sep/2026:12:30:06 +0000] "GET /stake-australia-casino/ HTTP/1.1" 200 35917 "-" "Mozilla/5.0 AppleWebKit/537.36 (KHTML, like Gecko; compatible; ClaudeBot/1.0; +claudebot@anthropic.com)"
216.73.216.20 - - [03/Sep/2026:12:30:11 +0000] "GET /problem-with-pokies/sms:+15146196290 HTTP/1.1" 301 - "-" "Mozilla/5.0 AppleWebKit/537.36 (KHTML, like Gecko; compatible; ClaudeBot/1.0; +claudebot@anthropic.com)"
216.73.216.20 - - [03/Sep/2026:12:30:16 +0000] "GET /zollverein-casino-login-app-sign-up/sms:+15146196290 HTTP/1.1" 301 - "-" "Mozilla/5.0 AppleWebKit/537.36 (KHTML, like Gecko; compatible; ClaudeBot/1.0; +claudebot@anthropic.com)"
74.7.175.164 - - [03/Sep/2026:12:30:18 +0000] "GET /robots.txt HTTP/1.1" 200 - "-" "Mozilla/5.0 (Macintosh; Intel Mac OS X 10_15_7) AppleWebKit/537.36 (KHTML, like Gecko) Chrome/131.0.0.0 Safari/537.36; compatible; OAI-SearchBot/1.4; robots.txt; +https://openai.com/searchbot"
74.7.227.184 - - [03/Sep/2026:12:30:18 +0000] "GET /wp-admin/function.php HTTP/1.1" 404 19892 "http://on-time-movers.com" "Mozilla/5.0 AppleWebKit/537.36 (KHTML, like Gecko; compatible; GPTBot/1.4; +https://openai.com/gptbot)"
216.73.216.20 - - [03/Sep/2026:12:30:21 +0000] "GET /luckland-casino-100-free-spins-bonus-2026/sms:+15146196290 HTTP/1.1" 301 - "-" "Mozilla/5.0 AppleWebKit/537.36 (KHTML, like Gecko; compatible; ClaudeBot/1.0; +claudebot@anthropic.com)"
216.73.216.20 - - [03/Sep/2026:12:30:26 +0000] "GET /pamper-casino-100-free-spins-bonus-2026/sms:+15146196290 HTTP/1.1" 301 - "-" "Mozilla/5.0 AppleWebKit/537.36 (KHTML, like Gecko; compatible; ClaudeBot/1.0; +claudebot@anthropic.com)"
172.96.177.104 - - [03/Sep/2026:12:30:29 +0000] "POST /wp-cron.php?doing_wp_cron=1788438629.6783170700073242187500 HTTP/1.1" 200 - "-" "WordPress/7.1; https://www.on-time-movers.com"
216.73.216.20 - - [03/Sep/2026:12:30:31 +0000] "GET /venetian-casino-no-deposit-bonus-codes-for-free-spins-2026/ HTTP/1.1" 200 35677 "-" "Mozilla/5.0 AppleWebKit/537.36 (KHTML, like Gecko; compatible; ClaudeBot/1.0; +claudebot@anthropic.com)"
216.73.216.20 - - [03/Sep/2026:12:30:36 +0000] "GET /dino-casino-review-and-free-chips-bonus/sms:+15146196290 HTTP/1.1" 301 - "-" "Mozilla/5.0 AppleWebKit/537.36 (KHTML, like Gecko; compatible; ClaudeBot/1.0; +claudebot@anthropic.com)"
216.73.216.20 - - [03/Sep/2026:12:30:41 +0000] "GET /foxyplay-casino-review-and-free-chips-bonus/sms:+15146196290 HTTP/1.1" 301 - "-" "Mozilla/5.0 AppleWebKit/537.36 (KHTML, like Gecko; compatible; ClaudeBot/1.0; +claudebot@anthropic.com)"
216.73.216.20 - - [03/Sep/2026:12:30:46 +0000] "GET /epay-casino-100-free-spins-bonus-2026/sms:+15146196290 HTTP/1.1" 301 - "-" "Mozilla/5.0 AppleWebKit/537.36 (KHTML, like Gecko; compatible; ClaudeBot/1.0; +claudebot@anthropic.com)"
216.73.216.20 - - [03/Sep/2026:12:30:51 +0000] "GET /lincoln-casino-free-spins-on-new-cleo-slot/ HTTP/1.1" 200 35883 "-" "Mozilla/5.0 AppleWebKit/537.36 (KHTML, like Gecko; compatible; ClaudeBot/1.0; +claudebot@anthropic.com)"
216.73.216.20 - - [03/Sep/2026:12:30:56 +0000] "GET /castellon-casino-no-deposit-bonus-codes-for-free-spins-2026/ HTTP/1.1" 200 35689 "-" "Mozilla/5.0 AppleWebKit/537.36 (KHTML, like Gecko; compatible; ClaudeBot/1.0; +claudebot@anthropic.com)"
216.73.216.20 - - [03/Sep/2026:12:31:01 +0000] "GET /play-slots-for-real-money-no-deposit-australia/sms:+15146196290 HTTP/1.1" 301 - "-" "Mozilla/5.0 AppleWebKit/537.36 (KHTML, like Gecko; compatible; ClaudeBot/1.0; +claudebot@anthropic.com)"
216.73.216.20 - - [03/Sep/2026:12:31:06 +0000] "GET /airbet88-casino-review-and-free-chips-bonus/ HTTP/1.1" 200 35366 "-" "Mozilla/5.0 AppleWebKit/537.36 (KHTML, like Gecko; compatible; ClaudeBot/1.0; +claudebot@anthropic.com)"
216.73.216.20 - - [03/Sep/2026:12:31:11 +0000] "GET /free-online-casinos-with-no-deposit-bonuses/sms:+15146196290 HTTP/1.1" 301 - "-" "Mozilla/5.0 AppleWebKit/537.36 (KHTML, like Gecko; compatible; ClaudeBot/1.0; +claudebot@anthropic.com)"
216.73.216.20 - - [03/Sep/2026:12:31:16 +0000] "GET /australia-online-slots-real-money-no-deposit/sms:+15146196290 HTTP/1.1" 301 - "-" "Mozilla/5.0 AppleWebKit/537.36 (KHTML, like Gecko; compatible; ClaudeBot/1.0; +claudebot@anthropic.com)"
216.73.216.20 - - [03/Sep/2026:12:31:21 +0000] "GET /barriere-bordeaux-casino-100-free-spins-bonus-2026/ HTTP/1.1" 200 35982 "-" "Mozilla/5.0 AppleWebKit/537.36 (KHTML, like Gecko; compatible; ClaudeBot/1.0; +claudebot@anthropic.com)"
216.73.216.20 - - [03/Sep/2026:12:31:26 +0000] "GET /voodoodreams-casino-no-deposit-bonus-codes-for-free-spins-2026/ HTTP/1.1" 200 35580 "-" "Mozilla/5.0 AppleWebKit/537.36 (KHTML, like Gecko; compatible; ClaudeBot/1.0; +claudebot@anthropic.com)"
172.96.177.104 - - [03/Sep/2026:12:31:29 +0000] "POST /wp-cron.php?doing_wp_cron=1788438689.4618630409240722656250 HTTP/1.1" 200 - "-" "WordPress/7.1; https://www.on-time-movers.com"
216.73.216.20 - - [03/Sep/2026:12:31:31 +0000] "GET /cresus-casino-100-free-spins-bonus-2026/sms:+15146196290 HTTP/1.1" 301 - "-" "Mozilla/5.0 AppleWebKit/537.36 (KHTML, like Gecko; compatible; ClaudeBot/1.0; +claudebot@anthropic.com)"
216.73.216.20 - - [03/Sep/2026:12:31:36 +0000] "GET /true-blue-casino-100-free-spins-bonus-2026/sms:+15146196290 HTTP/1.1" 301 - "-" "Mozilla/5.0 AppleWebKit/537.36 (KHTML, like Gecko; compatible; ClaudeBot/1.0; +claudebot@anthropic.com)"
74.7.227.184 - - [03/Sep/2026:12:31:48 +0000] "GET /wp-admin/images/admin.php HTTP/1.1" 404 19918 "http://on-time-movers.com" "Mozilla/5.0 AppleWebKit/537.36 (KHTML, like Gecko; compatible; GPTBot/1.4; +https://openai.com/gptbot)"
74.7.227.184 - - [03/Sep/2026:12:31:53 +0000] "GET /wp-admin/admin-wolf.php HTTP/1.1" 404 19892 "http://on-time-movers.com" "Mozilla/5.0 AppleWebKit/537.36 (KHTML, like Gecko; compatible; GPTBot/1.4; +https://openai.com/gptbot)"
74.7.227.184 - - [03/Sep/2026:12:31:56 +0000] "GET /wp-admin/includes/admin-ajax.php HTTP/1.1" 404 19918 "http://on-time-movers.com" "Mozilla/5.0 AppleWebKit/537.36 (KHTML, like Gecko; compatible; GPTBot/1.4; +https://openai.com/gptbot)"
74.7.227.184 - - [03/Sep/2026:12:31:59 +0000] "GET /wp-admin/wp-conflg.php HTTP/1.1" 404 19892 "http://on-time-movers.com" "Mozilla/5.0 AppleWebKit/537.36 (KHTML, like Gecko; compatible; GPTBot/1.4; +https://openai.com/gptbot)"
216.73.216.20 - - [03/Sep/2026:12:32:01 +0000] "GET /new-zealand-online-pokies-forum/sms:+15146196290 HTTP/1.1" 301 - "-" "Mozilla/5.0 AppleWebKit/537.36 (KHTML, like Gecko; compatible; ClaudeBot/1.0; +claudebot@anthropic.com)"
74.7.227.184 - - [03/Sep/2026:12:32:02 +0000] "GET /wp-admin/images/wp-conflg.php HTTP/1.1" 404 19918 "http://on-time-movers.com" "Mozilla/5.0 AppleWebKit/537.36 (KHTML, like Gecko; compatible; GPTBot/1.4; +https://openai.com/gptbot)"
74.7.227.184 - - [03/Sep/2026:12:32:05 +0000] "GET /wp-admin/txets.php HTTP/1.1" 404 19892 "http://on-time-movers.com" "Mozilla/5.0 AppleWebKit/537.36 (KHTML, like Gecko; compatible; GPTBot/1.4; +https://openai.com/gptbot)"
216.73.216.20 - - [03/Sep/2026:12:32:11 +0000] "GET /australia-online-mobile-casino-no-deposit-bonus/sms:+15146196290 HTTP/1.1" 301 - "-" "Mozilla/5.0 AppleWebKit/537.36 (KHTML, like Gecko; compatible; ClaudeBot/1.0; +claudebot@anthropic.com)"
74.7.227.184 - - [03/Sep/2026:12:32:19 +0000] "GET /wp-admin/classwithtostring.php HTTP/1.1" 404 19892 "http://on-time-movers.com" "Mozilla/5.0 AppleWebKit/537.36 (KHTML, like Gecko; compatible; GPTBot/1.4; +https://openai.com/gptbot)"
74.7.227.184 - - [03/Sep/2026:12:32:22 +0000] "GET /wp-login.php?reauth=1&redirect_to=https%3A%2F%2Fon-time-movers.com%2Fwp-admin%2Foptions.php HTTP/1.1" 200 2764 "http://on-time-movers.com" "Mozilla/5.0 AppleWebKit/537.36 (KHTML, like Gecko; compatible; GPTBot/1.4; +https://openai.com/gptbot)"
74.7.227.184 - - [03/Sep/2026:12:32:25 +0000] "GET /wp-admin/product.php HTTP/1.1" 404 19892 "http://on-time-movers.com" "Mozilla/5.0 AppleWebKit/537.36 (KHTML, like Gecko; compatible; GPTBot/1.4; +https://openai.com/gptbot)"
74.7.227.184 - - [03/Sep/2026:12:32:27 +0000] "GET /wp-admin/postnews.php HTTP/1.1" 404 19892 "http://on-time-movers.com" "Mozilla/5.0 AppleWebKit/537.36 (KHTML, like Gecko; compatible; GPTBot/1.4; +https://openai.com/gptbot)"
172.96.177.104 - - [03/Sep/2026:12:32:29 +0000] "POST /wp-cron.php?doing_wp_cron=1788438749.7089810371398925781250 HTTP/1.1" 200 - "-" "WordPress/7.1; https://www.on-time-movers.com"
74.7.227.184 - - [03/Sep/2026:12:32:30 +0000] "GET /wp-admin/includes/ HTTP/1.1" 200 2099 "http://on-time-movers.com" "Mozilla/5.0 AppleWebKit/537.36 (KHTML, like Gecko; compatible; GPTBot/1.4; +https://openai.com/gptbot)"
74.7.227.184 - - [03/Sep/2026:12:32:33 +0000] "GET /wp-admin/includes/class-wp-ms-sites-list-table.php HTTP/1.1" 500 - "https://www.on-time-movers.com/wp-admin/includes/" "Mozilla/5.0 AppleWebKit/537.36 (KHTML, like Gecko; compatible; GPTBot/1.4; +https://openai.com/gptbot)"
74.7.227.184 - - [03/Sep/2026:12:32:35 +0000] "GET /wp-admin/includes/options.php HTTP/1.1" 200 - "https://www.on-time-movers.com/wp-admin/includes/" "Mozilla/5.0 AppleWebKit/537.36 (KHTML, like Gecko; compatible; GPTBot/1.4; +https://openai.com/gptbot)"
74.7.227.184 - - [03/Sep/2026:12:32:38 +0000] "GET /wp-admin/includes/continents-cities.php HTTP/1.1" 500 - "https://www.on-time-movers.com/wp-admin/includes/" "Mozilla/5.0 AppleWebKit/537.36 (KHTML, like Gecko; compatible; GPTBot/1.4; +https://openai.com/gptbot)"
74.7.227.184 - - [03/Sep/2026:12:32:40 +0000] "GET /wp-admin/includes/class-wp-upgrader-skins.php HTTP/1.1" 500 - "https://www.on-time-movers.com/wp-admin/includes/" "Mozilla/5.0 AppleWebKit/537.36 (KHTML, like Gecko; compatible; GPTBot/1.4; +https://openai.com/gptbot)"
74.7.227.184 - - [03/Sep/2026:12:32:43 +0000] "GET /wp-admin/includes/class-custom-image-header.php HTTP/1.1" 200 - "https://www.on-time-movers.com/wp-admin/includes/" "Mozilla/5.0 AppleWebKit/537.36 (KHTML, like Gecko; compatible; GPTBot/1.4; +https://openai.com/gptbot)"
74.7.227.184 - - [03/Sep/2026:12:32:49 +0000] "GET /wp-admin/includes/class-file-upload-upgrader.php HTTP/1.1" 200 - "https://www.on-time-movers.com/wp-admin/includes/" "Mozilla/5.0 AppleWebKit/537.36 (KHTML, like Gecko; compatible; GPTBot/1.4; +https://openai.com/gptbot)"
74.7.227.184 - - [03/Sep/2026:12:32:52 +0000] "GET /wp-admin/includes/class-wp-plugins-list-table.php HTTP/1.1" 500 - "https://www.on-time-movers.com/wp-admin/includes/" "Mozilla/5.0 AppleWebKit/537.36 (KHTML, like Gecko; compatible; GPTBot/1.4; +https://openai.com/gptbot)"
74.7.227.184 - - [03/Sep/2026:12:32:56 +0000] "GET /wp-admin/includes/class-wp-ms-themes-list-table.php HTTP/1.1" 500 - "https://www.on-time-movers.com/wp-admin/includes/" "Mozilla/5.0 AppleWebKit/537.36 (KHTML, like Gecko; compatible; GPTBot/1.4; +https://openai.com/gptbot)"
74.7.227.184 - - [03/Sep/2026:12:33:01 +0000] "GET /wp-admin/maint/about.php HTTP/1.1" 404 19918 "http://on-time-movers.com" "Mozilla/5.0 AppleWebKit/537.36 (KHTML, like Gecko; compatible; GPTBot/1.4; +https://openai.com/gptbot)"
74.7.227.184 - - [03/Sep/2026:12:33:08 +0000] "GET /wp-admin/includes/edit-tag-messages.php HTTP/1.1" 500 - "https://www.on-time-movers.com/wp-admin/includes/" "Mozilla/5.0 AppleWebKit/537.36 (KHTML, like Gecko; compatible; GPTBot/1.4; +https://openai.com/gptbot)"
74.7.227.184 - - [03/Sep/2026:12:33:16 +0000] "GET /wp-admin/ HTTP/1.1" 302 - "https://www.on-time-movers.com/wp-admin/includes/" "Mozilla/5.0 AppleWebKit/537.36 (KHTML, like Gecko; compatible; GPTBot/1.4; +https://openai.com/gptbot)"
74.7.227.184 - - [03/Sep/2026:12:33:16 +0000] "GET /wp-login.php?redirect_to=https%3A%2F%2Fwww.on-time-movers.com%2Fwp-admin%2F&reauth=1 HTTP/1.1" 200 2757 "https://www.on-time-movers.com/wp-admin/" "Mozilla/5.0 AppleWebKit/537.36 (KHTML, like Gecko; compatible; GPTBot/1.4; +https://openai.com/gptbot)"
74.7.227.184 - - [03/Sep/2026:12:33:27 +0000] "GET /wp-admin/includes/class-wp-privacy-policy-content.php HTTP/1.1" 200 - "https://www.on-time-movers.com/wp-admin/includes/" "Mozilla/5.0 AppleWebKit/537.36 (KHTML, like Gecko; compatible; GPTBot/1.4; +https://openai.com/gptbot)"
74.7.227.184 - - [03/Sep/2026:12:33:36 +0000] "GET /wp-admin/includes/class-wp-privacy-requests-table.php HTTP/1.1" 500 - "https://www.on-time-movers.com/wp-admin/includes/" "Mozilla/5.0 AppleWebKit/537.36 (KHTML, like Gecko; compatible; GPTBot/1.4; +https://openai.com/gptbot)"
74.7.227.184 - - [03/Sep/2026:12:33:43 +0000] "GET /wp-admin/includes/class-wp-privacy-data-export-requests-list-table.php HTTP/1.1" 500 - "https://www.on-time-movers.com/wp-admin/includes/" "Mozilla/5.0 AppleWebKit/537.36 (KHTML, like Gecko; compatible; GPTBot/1.4; +https://openai.com/gptbot)"
74.7.227.184 - - [03/Sep/2026:12:33:54 +0000] "GET /wp-admin/includes/class-wp-privacy-data-removal-requests-list-table.php HTTP/1.1" 500 - "https://www.on-time-movers.com/wp-admin/includes/" "Mozilla/5.0 AppleWebKit/537.36 (KHTML, like Gecko; compatible; GPTBot/1.4; +https://openai.com/gptbot)"
74.7.227.184 - - [03/Sep/2026:12:34:10 +0000] "GET /wp-admin/includes/ms-admin-filters.php HTTP/1.1" 500 - "https://www.on-time-movers.com/wp-admin/includes/" "Mozilla/5.0 AppleWebKit/537.36 (KHTML, like Gecko; compatible; GPTBot/1.4; +https://openai.com/gptbot)"
74.7.227.184 - - [03/Sep/2026:12:34:30 +0000] "GET /wp-admin/includes/class-walker-nav-menu-checklist.php HTTP/1.1" 500 - "https://www.on-time-movers.com/wp-admin/includes/" "Mozilla/5.0 AppleWebKit/537.36 (KHTML, like Gecko; compatible; GPTBot/1.4; +https://openai.com/gptbot)"
74.7.227.184 - - [03/Sep/2026:12:34:50 +0000] "GET /wp-admin/includes/class-bulk-plugin-upgrader-skin.php HTTP/1.1" 500 - "https://www.on-time-movers.com/wp-admin/includes/" "Mozilla/5.0 AppleWebKit/537.36 (KHTML, like Gecko; compatible; GPTBot/1.4; +https://openai.com/gptbot)"
74.7.227.184 - - [03/Sep/2026:12:35:10 +0000] "GET /wp-admin/includes/class-bulk-theme-upgrader-skin.php HTTP/1.1" 500 - "https://www.on-time-movers.com/wp-admin/includes/" "Mozilla/5.0 AppleWebKit/537.36 (KHTML, like Gecko; compatible; GPTBot/1.4; +https://openai.com/gptbot)"
18.213.240.226 - - [03/Sep/2026:12:35:27 +0000] "GET /wp-content/themes/twentytwentyfour/assets/fonts/instrument-sans/ HTTP/1.1" 200 480 "-" "Mozilla/5.0 AppleWebKit/537.36 (KHTML, like Gecko; compatible; Amazonbot/0.1; +https://developer.amazon.com/support/amazonbot) Chrome/119.0.6045.214 Safari/537.36"
74.7.227.184 - - [03/Sep/2026:12:35:30 +0000] "GET /wp-admin/includes/admin-filters.php HTTP/1.1" 500 - "https://www.on-time-movers.com/wp-admin/includes/" "Mozilla/5.0 AppleWebKit/537.36 (KHTML, like Gecko; compatible; GPTBot/1.4; +https://openai.com/gptbot)"
74.7.227.184 - - [03/Sep/2026:12:35:50 +0000] "GET /wp-admin/includes/class-theme-installer-skin.php HTTP/1.1" 500 - "https://www.on-time-movers.com/wp-admin/includes/" "Mozilla/5.0 AppleWebKit/537.36 (KHTML, like Gecko; compatible; GPTBot/1.4; +https://openai.com/gptbot)"
172.96.177.104 - - [03/Sep/2026:12:36:04 +0000] "POST /wp-cron.php?doing_wp_cron=1788438964.8725879192352294921875 HTTP/1.1" 200 - "-" "WordPress/7.1; https://www.on-time-movers.com"
66.249.73.69 - - [03/Sep/2026:12:36:04 +0000] "GET /?p=37834 HTTP/1.1" 301 - "-" "Mozilla/5.0 (Linux; Android 6.0.1; Nexus 5X Build/MMB29P) AppleWebKit/537.36 (KHTML, like Gecko) Chrome/151.0.7922.173 Mobile Safari/537.36 (compatible; Googlebot/2.1; +http://www.google.com/bot.html)"
66.249.73.69 - - [03/Sep/2026:12:36:04 +0000] "GET /best-bonuses-co-australia-casino-gambling-online/ HTTP/1.1" 200 35547 "-" "Mozilla/5.0 (Linux; Android 6.0.1; Nexus 5X Build/MMB29P) AppleWebKit/537.36 (KHTML, like Gecko) Chrome/151.0.7922.173 Mobile Safari/537.36 (compatible; Googlebot/2.1; +http://www.google.com/bot.html)"
74.7.227.184 - - [03/Sep/2026:12:36:10 +0000] "GET /wp-admin/includes/class-plugin-upgrader-skin.php HTTP/1.1" 500 - "https://www.on-time-movers.com/wp-admin/includes/" "Mozilla/5.0 AppleWebKit/537.36 (KHTML, like Gecko; compatible; GPTBot/1.4; +https://openai.com/gptbot)"
74.7.227.184 - - [03/Sep/2026:12:36:30 +0000] "GET /wp-admin/includes/privacy-tools.php HTTP/1.1" 200 - "https://www.on-time-movers.com/wp-admin/includes/" "Mozilla/5.0 AppleWebKit/537.36 (KHTML, like Gecko; compatible; GPTBot/1.4; +https://openai.com/gptbot)"
74.7.227.184 - - [03/Sep/2026:12:36:50 +0000] "GET /wp-admin/includes/post.php HTTP/1.1" 200 - "https://www.on-time-movers.com/wp-admin/includes/" "Mozilla/5.0 AppleWebKit/537.36 (KHTML, like Gecko; compatible; GPTBot/1.4; +https://openai.com/gptbot)"
74.7.227.184 - - [03/Sep/2026:12:37:06 +0000] "GET /wp-admin/includes/class-walker-nav-menu-edit.php HTTP/1.1" 500 - "https://www.on-time-movers.com/wp-admin/includes/" "Mozilla/5.0 AppleWebKit/537.36 (KHTML, like Gecko; compatible; GPTBot/1.4; +https://openai.com/gptbot)"
74.7.227.184 - - [03/Sep/2026:12:37:19 +0000] "GET /wp-admin/includes/class-theme-upgrader-skin.php HTTP/1.1" 500 - "https://www.on-time-movers.com/wp-admin/includes/" "Mozilla/5.0 AppleWebKit/537.36 (KHTML, like Gecko; compatible; GPTBot/1.4; +https://openai.com/gptbot)"
74.7.227.184 - - [03/Sep/2026:12:37:38 +0000] "GET /wp-admin/includes/class-language-pack-upgrader.php HTTP/1.1" 500 - "https://www.on-time-movers.com/wp-admin/includes/" "Mozilla/5.0 AppleWebKit/537.36 (KHTML, like Gecko; compatible; GPTBot/1.4; +https://openai.com/gptbot)"
74.7.227.184 - - [03/Sep/2026:12:37:58 +0000] "GET /wp-admin/includes/admin.php HTTP/1.1" 500 - "https://www.on-time-movers.com/wp-admin/includes/" "Mozilla/5.0 AppleWebKit/537.36 (KHTML, like Gecko; compatible; GPTBot/1.4; +https://openai.com/gptbot)"
18.211.148.239 - - [03/Sep/2026:12:38:15 +0000] "GET /wp-content/plugins/popups-for-divi/languages/ HTTP/1.1" 200 417 "-" "Mozilla/5.0 AppleWebKit/537.36 (KHTML, like Gecko; compatible; Amazonbot/0.1; +https://developer.amazon.com/support/amazonbot) Chrome/119.0.6045.214 Safari/537.36"
52.44.148.203 - - [03/Sep/2026:12:38:17 +0000] "GET /wp-content/plugins/seo-by-rank-math/ HTTP/1.1" 200 534 "-" "Mozilla/5.0 AppleWebKit/537.36 (KHTML, like Gecko; compatible; Amazonbot/0.1; +https://developer.amazon.com/support/amazonbot) Chrome/119.0.6045.214 Safari/537.36"
74.7.227.184 - - [03/Sep/2026:12:38:18 +0000] "GET /wp-admin/includes/class-language-pack-upgrader-skin.php HTTP/1.1" 500 - "https://www.on-time-movers.com/wp-admin/includes/" "Mozilla/5.0 AppleWebKit/537.36 (KHTML, like Gecko; compatible; GPTBot/1.4; +https://openai.com/gptbot)"
172.96.177.104 - - [03/Sep/2026:12:38:27 +0000] "POST /wp-cron.php?doing_wp_cron=1788439107.9598119258880615234375 HTTP/1.1" 200 - "-" "WordPress/7.1; https://www.on-time-movers.com"
66.249.73.130 - - [03/Sep/2026:12:38:27 +0000] "GET /?n=4404266494417 HTTP/1.1" 301 - "-" "Mozilla/5.0 (Linux; Android 6.0.1; Nexus 5X Build/MMB29P) AppleWebKit/537.36 (KHTML, like Gecko) Chrome/151.0.7922.173 Mobile Safari/537.36 (compatible; Googlebot/2.1; +http://www.google.com/bot.html)"
66.249.73.70 - - [03/Sep/2026:12:38:28 +0000] "GET /?n=4404266494417 HTTP/1.1" 200 42387 "-" "Mozilla/5.0 (Linux; Android 6.0.1; Nexus 5X Build/MMB29P) AppleWebKit/537.36 (KHTML, like Gecko) Chrome/151.0.7922.173 Mobile Safari/537.36 (compatible; Googlebot/2.1; +http://www.google.com/bot.html)"
172.96.177.104 - - [03/Sep/2026:12:38:36 +0000] "POST /wp-cron.php?doing_wp_cron=1788439116.8304131031036376953125 HTTP/1.1" 200 - "-" "WordPress/7.1; https://www.on-time-movers.com"
66.249.73.70 - - [03/Sep/2026:12:38:35 +0000] "GET /free-bonus-slot-games/ HTTP/1.1" 200 35704 "-" "Mozilla/5.0 (Linux; Android 6.0.1; Nexus 5X Build/MMB29P) AppleWebKit/537.36 (KHTML, like Gecko) Chrome/151.0.7922.173 Mobile Safari/537.36 (compatible; Googlebot/2.1; +http://www.google.com/bot.html)"
74.7.227.184 - - [03/Sep/2026:12:38:38 +0000] "GET /wp-admin/includes/class-plugin-installer-skin.php HTTP/1.1" 500 - "https://www.on-time-movers.com/wp-admin/includes/" "Mozilla/5.0 AppleWebKit/537.36 (KHTML, like Gecko; compatible; GPTBot/1.4; +https://openai.com/gptbot)"
74.7.227.184 - - [03/Sep/2026:12:38:58 +0000] "GET /wp-admin/includes/class-ftp-sockets.php HTTP/1.1" 500 - "https://www.on-time-movers.com/wp-admin/includes/" "Mozilla/5.0 AppleWebKit/537.36 (KHTML, like Gecko; compatible; GPTBot/1.4; +https://openai.com/gptbot)"
74.7.227.184 - - [03/Sep/2026:12:39:18 +0000] "GET /wp-admin/includes/class-bulk-upgrader-skin.php HTTP/1.1" 500 - "https://www.on-time-movers.com/wp-admin/includes/" "Mozilla/5.0 AppleWebKit/537.36 (KHTML, like Gecko; compatible; GPTBot/1.4; +https://openai.com/gptbot)"
74.7.227.184 - - [03/Sep/2026:12:39:38 +0000] "GET /wp-admin/includes/class-automatic-upgrader-skin.php HTTP/1.1" 500 - "https://www.on-time-movers.com/wp-admin/includes/" "Mozilla/5.0 AppleWebKit/537.36 (KHTML, like Gecko; compatible; GPTBot/1.4; +https://openai.com/gptbot)"
74.7.227.184 - - [03/Sep/2026:12:39:58 +0000] "GET /wp-admin/includes/class-theme-upgrader.php HTTP/1.1" 500 - "https://www.on-time-movers.com/wp-admin/includes/" "Mozilla/5.0 AppleWebKit/537.36 (KHTML, like Gecko; compatible; GPTBot/1.4; +https://openai.com/gptbot)"
74.7.227.184 - - [03/Sep/2026:12:40:18 +0000] "GET /wp-admin/includes/class-core-upgrader.php HTTP/1.1" 500 - "https://www.on-time-movers.com/wp-admin/includes/" "Mozilla/5.0 AppleWebKit/537.36 (KHTML, like Gecko; compatible; GPTBot/1.4; +https://openai.com/gptbot)"
74.7.227.184 - - [03/Sep/2026:12:40:38 +0000] "GET /wp-admin/includes/class-wp-site-icon.php HTTP/1.1" 200 - "https://www.on-time-movers.com/wp-admin/includes/" "Mozilla/5.0 AppleWebKit/537.36 (KHTML, like Gecko; compatible; GPTBot/1.4; +https://openai.com/gptbot)"
74.7.227.184 - - [03/Sep/2026:12:40:58 +0000] "GET /wp-admin/includes/class-wp-internal-pointers.php HTTP/1.1" 200 - "https://www.on-time-movers.com/wp-admin/includes/" "Mozilla/5.0 AppleWebKit/537.36 (KHTML, like Gecko; compatible; GPTBot/1.4; +https://openai.com/gptbot)"
74.7.227.184 - - [03/Sep/2026:12:41:14 +0000] "GET /wp-admin/includes/class-wp-automatic-updater.php HTTP/1.1" 200 - "https://www.on-time-movers.com/wp-admin/includes/" "Mozilla/5.0 AppleWebKit/537.36 (KHTML, like Gecko; compatible; GPTBot/1.4; +https://openai.com/gptbot)"
74.7.227.184 - - [03/Sep/2026:12:41:27 +0000] "GET /wp-admin/includes/class-ftp-pure.php HTTP/1.1" 500 - "https://www.on-time-movers.com/wp-admin/includes/" "Mozilla/5.0 AppleWebKit/537.36 (KHTML, like Gecko; compatible; GPTBot/1.4; +https://openai.com/gptbot)"
74.7.227.184 - - [03/Sep/2026:12:41:37 +0000] "GET /wp-admin/includes/ms-deprecated.php HTTP/1.1" 200 - "https://www.on-time-movers.com/wp-admin/includes/" "Mozilla/5.0 AppleWebKit/537.36 (KHTML, like Gecko; compatible; GPTBot/1.4; +https://openai.com/gptbot)"
74.7.227.184 - - [03/Sep/2026:12:41:53 +0000] "GET /wp-admin/includes/class-wp-upgrader.php HTTP/1.1" 500 - "https://www.on-time-movers.com/wp-admin/includes/" "Mozilla/5.0 AppleWebKit/537.36 (KHTML, like Gecko; compatible; GPTBot/1.4; +https://openai.com/gptbot)"
74.7.227.184 - - [03/Sep/2026:12:42:05 +0000] "GET /wp-admin/includes/class-wp-importer.php HTTP/1.1" 200 - "https://www.on-time-movers.com/wp-admin/includes/" "Mozilla/5.0 AppleWebKit/537.36 (KHTML, like Gecko; compatible; GPTBot/1.4; +https://openai.com/gptbot)"
74.7.227.184 - - [03/Sep/2026:12:42:23 +0000] "GET /wp-admin/includes/class-wp-ajax-upgrader-skin.php HTTP/1.1" 500 - "https://www.on-time-movers.com/wp-admin/includes/" "Mozilla/5.0 AppleWebKit/537.36 (KHTML, like Gecko; compatible; GPTBot/1.4; +https://openai.com/gptbot)"
74.7.227.184 - - [03/Sep/2026:12:42:38 +0000] "GET /wp-admin/includes/nav-menu.php HTTP/1.1" 500 - "https://www.on-time-movers.com/wp-admin/includes/" "Mozilla/5.0 AppleWebKit/537.36 (KHTML, like Gecko; compatible; GPTBot/1.4; +https://openai.com/gptbot)"
172.96.177.104 - - [03/Sep/2026:12:42:54 +0000] "POST /wp-cron.php?doing_wp_cron=1788439374.1155850887298583984375 HTTP/1.1" 200 - "-" "WordPress/7.1; https://www.on-time-movers.com"
74.7.227.184 - - [03/Sep/2026:12:42:58 +0000] "GET /wp-admin/includes/class-ftp.php HTTP/1.1" 200 - "https://www.on-time-movers.com/wp-admin/includes/" "Mozilla/5.0 AppleWebKit/537.36 (KHTML, like Gecko; compatible; GPTBot/1.4; +https://openai.com/gptbot)"
74.7.227.184 - - [03/Sep/2026:12:43:18 +0000] "GET /wp-admin/includes/dashboard.php HTTP/1.1" 200 - "https://www.on-time-movers.com/wp-admin/includes/" "Mozilla/5.0 AppleWebKit/537.36 (KHTML, like Gecko; compatible; GPTBot/1.4; +https://openai.com/gptbot)"
74.7.227.184 - - [03/Sep/2026:12:43:34 +0000] "GET /wp-admin/includes/ajax-actions.php HTTP/1.1" 200 - "https://www.on-time-movers.com/wp-admin/includes/" "Mozilla/5.0 AppleWebKit/537.36 (KHTML, like Gecko; compatible; GPTBot/1.4; +https://openai.com/gptbot)"
74.7.227.184 - - [03/Sep/2026:12:43:47 +0000] "GET /wp-admin/includes/class-wp-site-health-auto-updates.php HTTP/1.1" 200 - "https://www.on-time-movers.com/wp-admin/includes/" "Mozilla/5.0 AppleWebKit/537.36 (KHTML, like Gecko; compatible; GPTBot/1.4; +https://openai.com/gptbot)"
74.7.227.184 - - [03/Sep/2026:12:43:57 +0000] "GET /wp-admin/includes/class-plugin-upgrader.php HTTP/1.1" 500 - "https://www.on-time-movers.com/wp-admin/includes/" "Mozilla/5.0 AppleWebKit/537.36 (KHTML, like Gecko; compatible; GPTBot/1.4; +https://openai.com/gptbot)"
74.7.227.184 - - [03/Sep/2026:12:44:05 +0000] "GET /wp-admin/includes/class-wp-post-comments-list-table.php HTTP/1.1" 500 - "https://www.on-time-movers.com/wp-admin/includes/" "Mozilla/5.0 AppleWebKit/537.36 (KHTML, like Gecko; compatible; GPTBot/1.4; +https://openai.com/gptbot)"
172.96.177.104 - - [03/Sep/2026:12:44:17 +0000] "POST /wp-cron.php?doing_wp_cron=1788439457.2668390274047851562500 HTTP/1.1" 200 - "-" "WordPress/7.1; https://www.on-time-movers.com"
66.249.73.132 - - [03/Sep/2026:12:44:16 +0000] "GET /?n=5033464713304 HTTP/1.1" 301 - "-" "Mozilla/5.0 (Linux; Android 6.0.1; Nexus 5X Build/MMB29P) AppleWebKit/537.36 (KHTML, like Gecko) Chrome/151.0.7922.173 Mobile Safari/537.36 (compatible; Googlebot/2.1; +http://www.google.com/bot.html)"
74.7.227.184 - - [03/Sep/2026:12:44:17 +0000] "GET /wp-admin/includes/translation-install.php HTTP/1.1" 200 - "https://www.on-time-movers.com/wp-admin/includes/" "Mozilla/5.0 AppleWebKit/537.36 (KHTML, like Gecko; compatible; GPTBot/1.4; +https://openai.com/gptbot)"
66.249.73.69 - - [03/Sep/2026:12:44:17 +0000] "GET /?n=5033464713304 HTTP/1.1" 200 42545 "-" "Mozilla/5.0 (Linux; Android 6.0.1; Nexus 5X Build/MMB29P) AppleWebKit/537.36 (KHTML, like Gecko) Chrome/151.0.7922.173 Mobile Safari/537.36 (compatible; Googlebot/2.1; +http://www.google.com/bot.html)"
93.139.45.239 - - [03/Sep/2026:12:44:29 +0000] "GET / HTTP/1.1" 200 42589 "http://on-time-movers.com" "Mozilla/5.0 (Windows NT 6.1; WOW64; rv:64.0) Gecko/20100101 Firefox/64.0"
74.7.227.184 - - [03/Sep/2026:12:44:36 +0000] "GET /wp-admin/includes/class-custom-background.php HTTP/1.1" 200 - "https://www.on-time-movers.com/wp-admin/includes/" "Mozilla/5.0 AppleWebKit/537.36 (KHTML, like Gecko; compatible; GPTBot/1.4; +https://openai.com/gptbot)"
3.229.164.203 - - [03/Sep/2026:12:44:44 +0000] "GET /wp-content/languages/plugins/litespeed-cache-en_CA.po HTTP/1.1" 200 30015 "-" "Mozilla/5.0 AppleWebKit/537.36 (KHTML, like Gecko; compatible; Amazonbot/0.1; +https://developer.amazon.com/support/amazonbot) Chrome/119.0.6045.214 Safari/537.36"
172.96.177.104 - - [03/Sep/2026:12:44:47 +0000] "POST /wp-cron.php?doing_wp_cron=1788439487.6969969272613525390625 HTTP/1.1" 200 - "-" "WordPress/7.1; https://www.on-time-movers.com"
54.80.185.200 - - [03/Sep/2026:12:44:46 +0000] "GET /chinese-gambling-games/ HTTP/1.1" 200 35344 "-" "Mozilla/5.0 AppleWebKit/537.36 (KHTML, like Gecko; compatible; Amazonbot/0.1; +https://developer.amazon.com/support/amazonbot) Chrome/119.0.6045.214 Safari/537.36"
52.204.37.237 - - [03/Sep/2026:12:44:50 +0000] "GET /wp-content/plugins/wp-mail-smtp/ HTTP/1.1" 200 506 "-" "Mozilla/5.0 AppleWebKit/537.36 (KHTML, like Gecko; compatible; Amazonbot/0.1; +https://developer.amazon.com/support/amazonbot) Chrome/119.0.6045.214 Safari/537.36"
74.7.227.184 - - [03/Sep/2026:12:44:50 +0000] "GET /wp-admin/includes/class-wp-filesystem-base.php HTTP/1.1" 200 - "https://www.on-time-movers.com/wp-admin/includes/" "Mozilla/5.0 AppleWebKit/537.36 (KHTML, like Gecko; compatible; GPTBot/1.4; +https://openai.com/gptbot)"
74.7.227.184 - - [03/Sep/2026:12:45:02 +0000] "GET /wp-admin/includes/theme-install.php HTTP/1.1" 200 - "https://www.on-time-movers.com/wp-admin/includes/" "Mozilla/5.0 AppleWebKit/537.36 (KHTML, like Gecko; compatible; GPTBot/1.4; +https://openai.com/gptbot)"
74.7.227.184 - - [03/Sep/2026:12:45:12 +0000] "GET /wp-admin/includes/export.php HTTP/1.1" 200 - "https://www.on-time-movers.com/wp-admin/includes/" "Mozilla/5.0 AppleWebKit/537.36 (KHTML, like Gecko; compatible; GPTBot/1.4; +https://openai.com/gptbot)"
74.7.227.184 - - [03/Sep/2026:12:45:19 +0000] "GET /wp-admin/includes/import.php HTTP/1.1" 200 - "https://www.on-time-movers.com/wp-admin/includes/" "Mozilla/5.0 AppleWebKit/537.36 (KHTML, like Gecko; compatible; GPTBot/1.4; +https://openai.com/gptbot)"
111.230.233.46 - - [03/Sep/2026:12:45:21 +0000] "GET / HTTP/1.1" 200 42589 "http://on-time-movers.com" "Mozilla/5.0 (iPhone; CPU iPhone OS 13_2_3 like Mac OS X) AppleWebKit/605.1.15 (KHTML, like Gecko) Version/13.0.3 Mobile/15E148 Safari/604.1"
74.7.227.184 - - [03/Sep/2026:12:45:25 +0000] "GET /wp-admin/includes/class-pclzip.php HTTP/1.1" 200 - "https://www.on-time-movers.com/wp-admin/includes/" "Mozilla/5.0 AppleWebKit/537.36 (KHTML, like Gecko; compatible; GPTBot/1.4; +https://openai.com/gptbot)"
74.7.227.184 - - [03/Sep/2026:12:45:30 +0000] "GET /wp-admin/includes/class-wp-terms-list-table.php HTTP/1.1" 500 - "https://www.on-time-movers.com/wp-admin/includes/" "Mozilla/5.0 AppleWebKit/537.36 (KHTML, like Gecko; compatible; GPTBot/1.4; +https://openai.com/gptbot)"
74.7.227.184 - - [03/Sep/2026:12:45:34 +0000] "GET /wp-admin/includes/plugin.php HTTP/1.1" 200 - "https://www.on-time-movers.com/wp-admin/includes/" "Mozilla/5.0 AppleWebKit/537.36 (KHTML, like Gecko; compatible; GPTBot/1.4; +https://openai.com/gptbot)"
74.7.227.184 - - [03/Sep/2026:12:45:40 +0000] "GET /wp-admin/includes/schema.php HTTP/1.1" 500 - "https://www.on-time-movers.com/wp-admin/includes/" "Mozilla/5.0 AppleWebKit/537.36 (KHTML, like Gecko; compatible; GPTBot/1.4; +https://openai.com/gptbot)"
74.7.227.184 - - [03/Sep/2026:12:45:44 +0000] "GET /wp-admin/includes/screen.php HTTP/1.1" 200 - "https://www.on-time-movers.com/wp-admin/includes/" "Mozilla/5.0 AppleWebKit/537.36 (KHTML, like Gecko; compatible; GPTBot/1.4; +https://openai.com/gptbot)"
